[BLOB]\" style=\"width: 980.48px;\" data-filename=\"Types-of-Mechanical-Seal.png\"></p>', 33, '', '6y9z4b0l1a.png', '');
INSERT INTO `pages` (`id`, `slug`, `title`, `keywords`, `description`, `text`, `parent`, `img_thumb`, `img_banner`, `pdfcat`) VALUES
(61, 'ROLON SEALS', 'ROLON SEALS', 'ROLON SEALS', 'ROLON SEALS', '', 34, '', '', ''),
(62, 'SATAM FLOWMETER', 'SATAM FLOWMETER', 'SATAM FLOWMETER', 'SATAM FLOWMETER', '', 34, '', '', ''),
(63, 'SALEM TUBES', 'SALEM TUBES', 'SALEM TUBES', 'SALEM TUBES', '', 34, '', '', ''),
(53, 'solutions-repair', 'INDUSTRIAL SOLUTIONS AND REPAIR SERVICES', '', '', '<p></p><p><span style=\"font-weight: bolder;\"><u><br></u>INDUSTRIAL SOLUTIONS & REPAIR SERVICES:</span></p><p><span style=\"font-weight: bolder;\"><br></span></p><p><span style=\"font-weight: bolder;\"><br></span></p><table class=\"table table-bordered\"><tbody><tr><td>CONVEYOR SYSTEMS<br></td><td>Agency, Sales & Marketing<br></td></tr><tr><td><p>VAPOR RECOVERY <span style=\"background-color: transparent;\">SYSTEMS-Refinery</span></p><p>Saudi Arabia</p></td><td>CARBOVAC-France & SENDAN International,<br></td></tr><tr><td><p>VAPOR RECOVERY SYSTEMS-Gas <span style=\"background-color: transparent; font-size: 0.8125rem;\">Station</span></p></td><td><br></td></tr><tr><td>METERING SKID SYSTEMS<br></td><td>SATAM, France<br></td></tr><tr><td>CHEMICAL INJECTION SYSTEMS<br></td><td>SENDAN INTERNATIONAL, Saudi Arabia<br></td></tr><tr><td>GAS INJECTION SYSTEMS<br></td><td>SENDAN INTERNATIONAL, Saudi Arabia<br></td></tr><tr><td>GEAR BOX<br></td><td><p>ELECON, INDIA</p><p>RADICON, UK</p><p>BENZLERS, SWEDEN<br></p></td></tr></tbody></table><p><span style=\"font-weight: bolder;\"><br></span></p><table class=\"table table-bordered\"><tbody></tbody></table><table class=\"table table-bordered\"><tbody><tr><td>TUBES-Shell & Tube Heat Exchangers/Boilers-SALEM TUBE INTERNATIONAL, UK<br></td></tr></tbody></table><p><span style=\"font-weight: bolder;\"><br></span></p>', 33, '9g0m7r7z0f.png', '', '');

-- --------------------------------------------------------

--
-- Table structure for table `prd_attributes`
--

CREATE TABLE `prd_attributes` (
  `id` int(10) NOT NULL,
  `prd_id` int(10) NOT NULL,
  `variation_id` int(10) NOT NULL,
  `attribute_id` int(10) NOT NULL
) ENGINE=MyISAM DEFAULT CHARSET=latin1 COLLATE=latin1_swedish_ci;

-- --------------------------------------------------------

--
-- Table structure for table `products`
--

CREATE TABLE `products` (
  `id` bigint(250) NOT NULL,
  `parent` int(10) NOT NULL,
  `art_no` varchar(250) NOT NULL,
  `slug` varchar(250) NOT NULL,
  `name` varchar(250) NOT NULL,
  `mini_description` text NOT NULL,
  `description` longtext NOT NULL,
  `price` varchar(250) NOT NULL,
  `rank` int(10) NOT NULL,
  `grp_fet` varchar(1) NOT NULL DEFAULT 'n',
  `grp_new` varchar(1) NOT NULL DEFAULT 'n',
  `grp_hot` varchar(1) NOT NULL DEFAULT 'n',
  `img_small` varchar(250) NOT NULL,
  `img_large` varchar(250) NOT NULL,
  `img_xlarge` varchar(250) NOT NULL,
  `ex_txt_1` longtext NOT NULL,
  `ex_txt_2` longtext NOT NULL,
  `ex_txt_3` longtext NOT NULL,
  `ex_txt_4` longtext NOT NULL,
  `ex_txt_5` longtext NOT NULL,
  `ex_txt_6` longtext NOT NULL,
  `ex_txt_7` longtext NOT NULL,
  `ex_txt_8` longtext NOT NULL,
  `ex_txt_9` longtext NOT NULL,
  `ex_txt_10` longtext NOT NULL,
  `ex_txt_11` longtext NOT NULL,
  `ex_txt_12` longtext NOT NULL,
  `ex_txt_13` longtext NOT NULL,
  `ex_txt_14` longtext NOT NULL,
  `ex_txt_15` longtext NOT NULL,
  `show` varchar(1) NOT NULL DEFAULT 'y'
) ENGINE=MyISAM DEFAULT CHARSET=latin1 COLLATE=latin1_swedish_ci;

-- --------------------------------------------------------

--
-- Table structure for table `scripts`
--

CREATE TABLE `scripts` (
  `id` int(10) NOT NULL,
  `title` varchar(250) NOT NULL,
  `name` varchar(250) NOT NULL,
  `value` longtext NOT NULL,
  `meta` longtext NOT NULL
) ENGINE=MyISAM DEFAULT CHARSET=latin1 COLLATE=latin1_swedish_ci;

--
-- Dumping data for table `scripts`
--

INSERT INTO `scripts` (`id`, `title`, `name`, `value`, `meta`) VALUES
(1, 'Google Analytics ID', 'google_analytics', '', 'fixed_line'),
(2, 'Header Scripts', 'scripts_header', '', 'txt'),
(3, 'Footer Scripts', 'scripts_footer', '', 'txt'),
(4, 'Facebook Page Code', 'fb_page_code', '', 'txt');

-- --------------------------------------------------------

--
-- Table structure for table `social`
--

CREATE TABLE `social` (
  `id` int(10) NOT NULL,
  `title` varchar(250) NOT NULL,
  `name` varchar(250) NOT NULL,
  `value` longtext NOT NULL,
  `meta` longtext NOT NULL
) ENGINE=MyISAM DEFAULT CHARSET=latin1 COLLATE=latin1_swedish_ci;

--
-- Dumping data for table `social`
--

INSERT INTO `social` (`id`, `title`, `name`, `value`, `meta`) VALUES
(1, 'Facebook', 'fb', '', 'line'),
(2, 'Twitter', 'tw', '', 'line'),
(3, 'YouTube', 'yt', '', 'line'),
(4, 'LinkedIn', 'in', '', 'line'),
(5, 'Pinterest', 'pin', '', 'line'),
(6, 'Skype', 'skype', '', 'line'),
(7, 'Alibaba', 'ab', '', 'hide'),
(8, 'Instagram', 'gram', '', 'line');

-- --------------------------------------------------------

--
-- Table structure for table `subscribers`
--

CREATE TABLE `subscribers` (
  `id` bigint(99) NOT NULL,
  `email` text NOT NULL,
  `category` int(11) NOT NULL DEFAULT 0,
  `date` datetime NOT NULL DEFAULT current_timestamp()
) ENGINE=MyISAM DEFAULT CHARSET=utf8mb3 COLLATE=utf8mb3_unicode_ci;

--
-- Dumping data for table `subscribers`
--

INSERT INTO `subscribers` (`id`, `email`, `category`, `date`) VALUES
(1, 'sad@asads.com', 0, '2020-05-20 15:04:26');

-- --------------------------------------------------------

--
-- Table structure for table `variations`
--

CREATE TABLE `variations` (
  `id` int(10) NOT NULL,
  `group_id` int(10) NOT NULL DEFAULT 0,
  `name` varchar(250) NOT NULL,
  `description` longtext NOT NULL,
  `rank` int(10) NOT NULL
) ENGINE=MyISAM DEFAULT CHARSET=latin1 COLLATE=latin1_swedish_ci;

--
-- Dumping data for table `variations`
--

INSERT INTO `variations` (`id`, `group_id`, `name`, `description`, `rank`) VALUES
(1, 0, 'Sizes', '', 1),
(2, 0, 'Colors', 'color', 2);

-- --------------------------------------------------------

--
-- Table structure for table `variation_groups`
--

CREATE TABLE `variation_groups` (
  `id` int(10) NOT NULL,
  `name` varchar(250) NOT NULL,
  `rank` int(10) NOT NULL
) ENGINE=MyISAM DEFAULT CHARSET=latin1 COLLATE=latin1_swedish_ci;

-- --------------------------------------------------------

--
-- Table structure for table `widgets`
--

CREATE TABLE `widgets` (
  `id` int(10) NOT NULL,
  `area_id` int(10) NOT NULL,
  `name` text NOT NULL,
  `field_1` longtext NOT NULL,
  `field_2` longtext NOT NULL,
  `field_3` longtext NOT NULL,
  `field_4` longtext NOT NULL,
  `field_5` longtext NOT NULL,
  `field_6` longtext NOT NULL,
  `field_7` longtext NOT NULL,
  `field_8` longtext NOT NULL,
  `field_9` longtext NOT NULL,
  `field_10` longtext NOT NULL,
  `rank` int(11) NOT NULL
) ENGINE=MyISAM DEFAULT CHARSET=latin1 COLLATE=latin1_swedish_ci;

--
-- Dumping data for table `widgets`
--

INSERT INTO `widgets` (`id`, `area_id`, `name`, `field_1`, `field_2`, `field_3`, `field_4`, `field_5`, `field_6`, `field_7`, `field_8`, `field_9`, `field_10`, `rank`) VALUES
(1, 1, 'Our Team', 'flaticon-two-users', '', 'page/our-team', '', '', '', '', '', '', '', 1),
(2, 1, 'Organisational Chart', 'flaticon-professor', '', 'page/organisational-chart', '', '', '', '', '', '', '', 2),
(87, 3, 'Fluor-logo', '4b5p5b6a6h.jpg', '', '', '', '', '', '', '', '', '', 54),
(3, 1, 'Our Projects', 'flaticon-calendar', '', 'page/projects', '', '', '', '', '', '', '', 3),
(4, 4, 'GEAR BOXES, GEARED MOTOR, COUPLING', '0l6j3k1c3x.jpg', 'https://www.elecon.com', '<p style=\"\">The complete Overhauling, Rewinding and Repairing of Electrical LT Motors & Electrical Equipments. (All kind of Low tension Motors, Crane Motor, AC /DC Motors, Submersible pumps, Transfomer, Ballast etc.)</p><p></p><div style=\"\"><span style=\"font-size: 0.8125rem;\"><b>Visual Inspection</b></span></div><div style=\"\">As a job arrives in our shop, our QA/QC Engineer will inspect the job visually, record all the data, any missing parts, damages etc.<br>Inspection: - Inspection will be done both for electrical & mechanical  components and will be recorded.  After inspection a detailed inspection report will be submitted to the client along with scope of work and recommendation if any.</div>', '', '', '', '', '', '', '', 1),
(88, 3, 'Jgc', '0j3j8b9d6t.jpg', '', '', '', '', '', '', '', '', '', 55),
(12, 4, 'SENSORS', '1e8o5g6z9s.jpg', 'https://www.shinkawaelectric.com/en/', '<p>Recently we have make new turnery shop for mould fabrication services or cast iron bars, solid bars, hollow bars, Gears, brass ring, plates, wheel, end shield, impeller, cooling fan, Aluminium fan, fac cover etc. Some of our products are below: <br></p>', '', '', '', '', '', '', '', 4),
(5, 2, 'Company Staff', 'flaticon-two-users', '200', '', '', '', '', '', '', '', '', 1),
(6, 2, 'Total Projects', 'flaticon-calendar', '125', '', '', '', '', '', '', '', '', 2),
(7, 2, 'Worldwide Offices', 'flaticon-boy', '45', '', '', '', '', '', '', '', '', 3),
(8, 2, 'Awards Won', 'flaticon-flask', '12', '', '', '', '', '', '', '', '', 4),
(9, 4, 'GEAR BOXES, GEARED MOTOR, COUPLING', '2p5j0b4d8c.jpg', 'https://www.benzlers.com/', '<p>We have a facility for generator services, we are capable of handling jobs at any scale levels as we have a very big work shop to manage all the services required.<br></p>', '', '', '', '', '', '', '', 2),
(10, 4, 'GEAR BOXES, GEARED MOTOR, COUPLING', '4m1b7g4g2b.jpg', 'https://us.radicon.com/', '<p>All the machine tools that we use in our shop are imported brand new machine tools in excellent condition from leading machine manufacturers such as HMt, Berco, TOS etc. an over head crane with capacity of 10 tons that passes through 900 square metre machine shop Specialties.<br></p>', '', '', '', '', '', '', '', 3),
(13, 4, 'HEAT EXCHANGER TUBES/BOILER TUBES', '8x1d1v1g5i.jpg', 'https://salemtube.net/', '<p><div style=\"\">We have balancing machines that any engineering and industrial needs.</div><div style=\"\">1. The latest model of CEMB-ITALY is the new blancing machine procured by K.O.K. that could accommodate a big workpiece. It has a printed that could give an outright datas, a 2 meters by 4 meters and 6 tons capacity. </div><div style=\"\">2. SCHENCK - from Germany, could handle medium and small jobs. It could accommodate at 1.6 meters by 2 meters at 2 tons load.</div><div style=\"\">All these machineries are computerized in functions and could give a technical satisfaction to our customer.</div></p>', '', '', '', '', '', '', '', 5),
(89, 3, 'petro-rabigh-logo', '2m7p3v8b9t.jpg', '', '', '', '', '', '', '', '', '', 56),
(90, 3, 'Samref-logo', '0s0g0c4i8y.jpg', '', '', '', '', '', '', '', '', '', 57),
(91, 3, 'sasref', '4f1x1t3o1b.jpg', '', '', '', '', '', '', '', '', '', 58),
(92, 3, 'satorp-logo', '9z2u8i6g6b.jpg', '', '', '', '', '', '', '', '', '', 59),
(93, 3, 's-chem-logo', '2x0d8r8f6r.jpg', '', '', '', '', '', '', '', '', '', 60),
(94, 3, 'siemens-logo', '2v8a1a8c8l.jpg', '', '', '', '', '', '', '', '', '', 61),
(95, 3, 'Sk-logo', '8g2j1e3t7d.jpg', '', '', '', '', '', '', '', '', '', 62),
(96, 3, 'swcc', '8h1z3h3f2u.jpg', '', '', '', '', '', '', '', '', '', 63),
(86, 3, 'e-tec-e&c-limited-logo', '4g0e6h3t4t.jpg', '', '', '', '', '', '', '', '', '', 53),
(85, 3, 'Dow-logo', '1k1k7y8y5p.jpg', '', '', '', '', '', '', '', '', '', 52),
(84, 3, 'Doosan', '1u1l2p6s5e.jpg', '', '', '', '', '', '', '', '', '', 51),
(83, 3, 'Daewoo E&C', '9h0b4u1e8y.jpg', '', '', '', '', '', '', '', '', '', 50),
(82, 3, 'daelim-logo', '3d0t6a0f2u.jpg', '', '', '', '', '', '', '', '', '', 49),
(81, 3, 'Chiyada', '6l4t7c5s2o.jpg', '', '', '', '', '', '', '', '', '', 48),
(80, 3, 'Chemanol', '7p2d3z7v7i.jpg', '', '', '', '', '', '', '', '', '', 47),
(79, 3, 'alstom-logo', '5d5y1s0g6f.jpg', '', '', '', '', '', '', '', '', '', 46),
(78, 3, 'advanced', '1j6z1d4f0y.jpg', '', '', '', '', '', '', '', '', '', 45),
(77, 3, 'ABB logo', '1e8p6d4a6y.jpg', '', '', '', '', '', '', '', '', '', 44),
(75, 3, 'mitsubishi heavy industries logo', '8y1v7o9c9x.jpg', '', '', '', '', '', '', '', '', '', 42),
(76, 3, 'hyundai-heavy-industries-logo', '0d1v6a8d2z.jpg', '', '', '', '', '', '', '', '', '', 43),
(73, 3, 'kjo-logo', '9y7u4p8m8z.jpg', '', '', '', '', '', '', '', '', '', 40),
(74, 3, 'sipchem-logo', '1o2g6v9y5m.jpg', '', '', '', '', '', '', '', '', '', 41),
(72, 3, 'samsung', '3s2m6r0d4s.jpg', '', '', '', '', '', '', '', '', '', 39),
(71, 3, 'sadra', '3d9s9s6e0y.jpg', '', '', '', '', '', '', '', '', '', 38),
(70, 3, 'maaden-logo', '4v2d4l2f5i.jpg', '', '', '', '', '', '', '', '', '', 37),
(69, 3, 'Marafiq', '6i7h3p5l4c.jpg', '', '', '', '', '', '', '', '', '', 36),
(68, 3, 'saudhi-Electricity-logo', '1m6i8e2t1u.jpg', '', '', '', '', '', '', '', '', '', 35),
(67, 3, 'Sabic', '3o4v7r4z5r.jpg', '', '', '', '', '', '', '', '', '', 34),
(54, 3, 'Saudi-aramco', '6f5h2g0u6z.jpg', '', '', '', '', '', '', '', '', '', 33),
(57, 5, 'certificates', '3m2a0h9z4g.png', 'certificates.pdf', '', '', '', '', '', '', '', '', 2),
(58, 5, 'certificates-image-1', '4a3i4c5v7v.png', '9i9c5t5r3d.pdf', '', '', '', '', '', '', '', '', 3),
(59, 5, 'certificates-image-2', '5s9m4s2y0r.png', '9y8l4v4g1k.pdf', '', '', '', '', '', '', '', '', 4),
(60, 5, 'certificates-image-3', '2u4j5f8t0z.png', '4x7v7t6u6v.pdf', '', '', '', '', '', '', '', '', 5),
(104, 6, 'Sr. Engineer', '<p><b>Job Experience</b></p><p>dgg ggjfdghfdghkdfhgkfdhgfdghdfkjhfkj</p><p>dfskfhkjfshdkjhkjhsdfkjhdkj</p><p>dfjshfsdhkjdfshkjdfghkj</p>', '', '', '', '', '', '', '', '', '', 3),
(63, 5, 'certificates-image-6', '5g2b0k2e1e.png', '', '', '', '', '', '', '', '', '', 8),
(64, 5, 'certificates-image-7', '2j8v1k9r0d.png', '', '', '', '', '', '', '', '', '', 9),
(65, 6, 'Testing', '<p>00000<br></p>', '', '', '', '', '', '', '', '', '', 1),
(66, 6, 'Another Test', '<p>11111111111111<br></p>', '', '', '', '', '', '', '', '', '', 2),
(97, 3, 'tasnee', '6u9s8a9k2h.jpg', '', '', '', '', '', '', '', '', '', 64),
(98, 3, 'yasref', '2g3b1d6z6j.jpg', '', '', '', '', '', '', '', '', '', 65),
(107, 7, 'ABHISHEK PADMA KUMAR', 'SALES ENGINEER-VALVES, PUMPS, HEATEXCHANGER TUBES', '5f7r0o6g4p.jpg', '+966-534292065', 'abhishek.p@mawad.sa', '', '', '', '', '', '', 6),
(110, 7, 'SHRISHAIL NAREGAL', 'TECHNICAL SALES ENGINEER-MECH. SEALS (ROLON)', '6b8g0t9o5k.jpg', '+966-508209378', 'shrishail.n@mawad.sa', '', '', '', '', '', '', 9),
(101, 7, 'C. H. KRISHNA', 'MANAGER-GEAR BOXES (ELECON) ', '4m4h8k6p7k.jpg', '+966 557 992 361 / +966 598 628 536', 'chkrishna@elecon.com; chkrishna@mawad.sa', '', '', '', '', '', '', 3),
(105, 7, 'FAITH ADEWUSI', 'CALIBIRATION/ TECHNICAL SALES ENGINEER-AVIATION EQUIP.', '1k4s2h7z6m.jpg', '+966-533012360', 'faith.adewusi@mawad.sa', '', '', '', '', '', '', 4),
(113, 7, 'ROBIN BABU VARGHESE', 'FINANCE DEPT.', '5k3p2e0t3r.jpg', '+966 530726029', 'finance@mawad.sa', '', '', '', '', '', '', 12),
(109, 7, 'MOHAMMED SHEMIL', 'ENGINEER-INTRUMENT BULK MATERIAL, ELE/MEC', '1h4z8a3v2u.jpg', '+966 555982690  ', 'mohammed.shemil@mawad.sa', '', '', '', '', '', '', 8),
(111, 7, 'ABISHEK CHUNGATH', 'SALES CO-ORDINATOR', '6f2g9h6u0o.jpg', '+966-561506556', 'c.abishek@mawad.sa', '', '', '', '', '', '', 10),
(112, 7, 'RIJESH RAVEENDRAN', 'SALES EXECUTIVE', '5b6d8h7a2k.jpg', '+966-506570725', 'rijesh.r@mawad.sa', '', '', '', '', '', '', 11);

-- --------------------------------------------------------

--
-- Table structure for table `widget_areas`
--

CREATE TABLE `widget_areas` (
  `id` int(10) NOT NULL,
  `name` varchar(250) NOT NULL
) ENGINE=MyISAM DEFAULT CHARSET=latin1 COLLATE=latin1_swedish_ci;

--
-- Dumping data for table `widget_areas`
--

INSERT INTO `widget_areas` (`id`, `name`) VALUES
(1, 'Home Text Boxes'),
(2, 'Home Icon/Number'),
(3, 'Clients'),
(4, 'Associates'),
(5, 'Downloads'),
(6, 'Job Posting'),
(7, 'Staff Members');

-- --------------------------------------------------------

--
-- Table structure for table `zones`
--

CREATE TABLE `zones` (
  `id` int(10) NOT NULL,
  `name` varchar(250) NOT NULL
) ENGINE=MyISAM DEFAULT CHARSET=latin1 COLLATE=latin1_swedish_ci;

--
-- Dumping data for table `zones`
--

INSERT INTO `zones` (`id`, `name`) VALUES
(5, 'Middle East'),
(6, 'East Asia');

-- --------------------------------------------------------

--
-- Table structure for table `zone_price`
--

CREATE TABLE `zone_price` (
  `id` int(10) NOT NULL,
  `courier_id` int(10) NOT NULL,
  `zone_id` int(10) NOT NULL,
  `price` varchar(250) NOT NULL
) ENGINE=MyISAM DEFAULT CHARSET=latin1 COLLATE=latin1_swedish_ci;

--
-- Dumping data for table `zone_price`
--

INSERT INTO `zone_price` (`id`, `courier_id`, `zone_id`, `price`) VALUES
(1, 1, 5, '10.60'),
(2, 2, 5, '11.00'),
(3, 1, 6, '20.20'),
(4, 2, 6, '20.50');

--
-- Indexes for dumped tables
--

--
-- Indexes for table `attributes`
--
ALTER TABLE `attributes`
  ADD PRIMARY KEY (`id`);

--
-- Indexes for table `banners`
--
ALTER TABLE `banners`
  ADD PRIMARY KEY (`id`);

--
-- Indexes for table `banner_images`
--
ALTER TABLE `banner_images`
  ADD PRIMARY KEY (`id`);

--
-- Indexes for table `categories`
--
ALTER TABLE `categories`
  ADD PRIMARY KEY (`id`);

--
-- Indexes for table `countries`
--
ALTER TABLE `countries`
  ADD PRIMARY KEY (`id`);

--
-- Indexes for table `courier`
--
ALTER TABLE `courier`
  ADD PRIMARY KEY (`id`);

--
-- Indexes for table `downloads`
--
ALTER TABLE `downloads`
  ADD PRIMARY KEY (`recid`);

--
-- Indexes for table `exchange`
--
ALTER TABLE `exchange`
  ADD PRIMARY KEY (`id`);

--
-- Indexes for table `gallery`
--
ALTER TABLE `gallery`
  ADD PRIMARY KEY (`id`);

--
-- Indexes for table `galls`
--
ALTER TABLE `galls`
  ADD PRIMARY KEY (`id`);

--
-- Indexes for table `gall_images`
--
ALTER TABLE `gall_images`
  ADD PRIMARY KEY (`id`);

--
-- Indexes for table `inquiry_attributes`
--
ALTER TABLE `inquiry_attributes`
  ADD PRIMARY KEY (`id`);

--
-- Indexes for table `inquiry_products`
--
ALTER TABLE `inquiry_products`
  ADD PRIMARY KEY (`id`);

--
-- Indexes for table `news`
--
ALTER TABLE `news`
  ADD PRIMARY KEY (`id`);

--
-- Indexes for table `options`
--
ALTER TABLE `options`
  ADD PRIMARY KEY (`id`);

--
-- Indexes for table `pages`
--
ALTER TABLE `pages`
  ADD PRIMARY KEY (`id`);

--
-- Indexes for table `prd_attributes`
--
ALTER TABLE `prd_attributes`
  ADD PRIMARY KEY (`id`);

--
-- Indexes for table `products`
--
ALTER TABLE `products`
  ADD PRIMARY KEY (`id`);

--
-- Indexes for table `scripts`
--
ALTER TABLE `scripts`
  ADD PRIMARY KEY (`id`);

--
-- Indexes for table `social`
--
ALTER TABLE `social`
  ADD PRIMARY KEY (`id`);

--
-- Indexes for table `subscribers`
--
ALTER TABLE `subscribers`
  ADD PRIMARY KEY (`id`);

--
-- Indexes for table `variations`
--
ALTER TABLE `variations`
  ADD PRIMARY KEY (`id`);

--
-- Indexes for table `variation_groups`
--
ALTER TABLE `variation_groups`
  ADD PRIMARY KEY (`id`);

--
-- Indexes for table `widgets`
--
ALTER TABLE `widgets`
  ADD PRIMARY KEY (`id`);

--
-- Indexes for table `widget_areas`
--
ALTER TABLE `widget_areas`
  ADD PRIMARY KEY (`id`);

--
-- Indexes for table `zones`
--
ALTER TABLE `zones`
  ADD PRIMARY KEY (`id`);

--
-- Indexes for table `zone_price`
--
ALTER TABLE `zone_price`
  ADD PRIMARY KEY (`id`);

--
-- AUTO_INCREMENT for dumped tables
--

--
-- AUTO_INCREMENT for table `attributes`
--
ALTER TABLE `attributes`
  MODIFY `id` int(10) NOT NULL AUTO_INCREMENT;

--
-- AUTO_INCREMENT for table `banners`
--
ALTER TABLE `banners`
  MODIFY `id` int(10) NOT NULL AUTO_INCREMENT, AUTO_INCREMENT=4;

--
-- AUTO_INCREMENT for table `banner_images`
--
ALTER TABLE `banner_images`
  MODIFY `id` int(10) NOT NULL AUTO_INCREMENT, AUTO_INCREMENT=14;

--
-- AUTO_INCREMENT for table `categories`
--
ALTER TABLE `categories`
  MODIFY `id` int(10) NOT NULL AUTO_INCREMENT, AUTO_INCREMENT=34;

--
-- AUTO_INCREMENT for table `countries`
--
ALTER TABLE `countries`
  MODIFY `id` int(10) NOT NULL AUTO_INCREMENT, AUTO_INCREMENT=240;

--
-- AUTO_INCREMENT for table `courier`
--
ALTER TABLE `courier`
  MODIFY `id` int(10) NOT NULL AUTO_INCREMENT, AUTO_INCREMENT=3;

--
-- AUTO_INCREMENT for table `downloads`
--
ALTER TABLE `downloads`
  MODIFY `recid` int(11) NOT NULL AUTO_INCREMENT;

--
-- AUTO_INCREMENT for table `exchange`
--
ALTER TABLE `exchange`
  MODIFY `id` int(10) NOT NULL AUTO_INCREMENT;

--
-- AUTO_INCREMENT for table `gallery`
--
ALTER TABLE `gallery`
  MODIFY `id` int(11) NOT NULL AUTO_INCREMENT;

--
-- AUTO_INCREMENT for table `galls`
--
ALTER TABLE `galls`
  MODIFY `id` int(10) NOT NULL AUTO_INCREMENT, AUTO_INCREMENT=3;

--
-- AUTO_INCREMENT for table `gall_images`
--
ALTER TABLE `gall_images`
  MODIFY `id` int(10) NOT NULL AUTO_INCREMENT, AUTO_INCREMENT=62;

--
-- AUTO_INCREMENT for table `inquiry_attributes`
--
ALTER TABLE `inquiry_attributes`
  MODIFY `id` int(10) NOT NULL AUTO_INCREMENT;

--
-- AUTO_INCREMENT for table `inquiry_products`
--
ALTER TABLE `inquiry_products`
  MODIFY `id` int(10) NOT NULL AUTO_INCREMENT;

--
-- AUTO_INCREMENT for table `news`
--
ALTER TABLE `news`
  MODIFY `id` int(10) NOT NULL AUTO_INCREMENT, AUTO_INCREMENT=3;

--
-- AUTO_INCREMENT for table `options`
--
ALTER TABLE `options`
  MODIFY `id` int(10) NOT NULL AUTO_INCREMENT, AUTO_INCREMENT=41;

--
-- AUTO_INCREMENT for table `pages`
--
ALTER TABLE `pages`
  MODIFY `id` int(10) NOT NULL AUTO_INCREMENT, AUTO_INCREMENT=64;

--
-- AUTO_INCREMENT for table `prd_attributes`
--
ALTER TABLE `prd_attributes`
  MODIFY `id` int(10) NOT NULL AUTO_INCREMENT;

--
-- AUTO_INCREMENT for table `products`
--
ALTER TABLE `products`
  MODIFY `id` bigint(250) NOT NULL AUTO_INCREMENT, AUTO_INCREMENT=12;

--
-- AUTO_INCREMENT for table `scripts`
--
ALTER TABLE `scripts`
  MODIFY `id` int(10) NOT NULL AUTO_INCREMENT, AUTO_INCREMENT=5;

--
-- AUTO_INCREMENT for table `social`
--
ALTER TABLE `social`
  MODIFY `id` int(10) NOT NULL AUTO_INCREMENT, AUTO_INCREMENT=9;

--
-- AUTO_INCREMENT for table `subscribers`
--
ALTER TABLE `subscribers`
  MODIFY `id` bigint(99) NOT NULL AUTO_INCREMENT, AUTO_INCREMENT=2;

--
-- AUTO_INCREMENT for table `variations`
--
ALTER TABLE `variations`
  MODIFY `id` int(10) NOT NULL AUTO_INCREMENT, AUTO_INCREMENT=3;

--
-- AUTO_INCREMENT for table `variation_groups`
--
ALTER TABLE `variation_groups`
  MODIFY `id` int(10) NOT NULL AUTO_INCREMENT;

--
-- AUTO_INCREMENT for table `widgets`
--
ALTER TABLE `widgets`
  MODIFY `id` int(10) NOT NULL AUTO_INCREMENT, AUTO_INCREMENT=114;

--
-- AUTO_INCREMENT for table `widget_areas`
--
ALTER TABLE `widget_areas`
  MODIFY `id` int(10) NOT NULL AUTO_INCREMENT, AUTO_INCREMENT=17;

--
-- AUTO_INCREMENT for table `zones`
--
ALTER TABLE `zones`
  MODIFY `id` int(10) NOT NULL AUTO_INCREMENT, AUTO_INCREMENT=7;

--
-- AUTO_INCREMENT for table `zone_price`
--
ALTER TABLE `zone_price`
  MODIFY `id` int(10) NOT NULL AUTO_INCREMENT, AUTO_INCREMENT=5;
COMMIT;

